eatest common factor of 1064 and 4522646?
38
Calculate the greatest common divisor of 1722 and 45937056.
246
What is the highest common divisor of 608 and 218994?
38
Calculate the greatest common divisor of 154232005 and 203.
29
What is the highest common divisor of 147559 and 328574?
41
Calculate the highest common factor of 1162100 and 100.
100
What is the highest common factor of 7007 and 257642?
539
What is the highest common divisor of 178807370 and 2695?
245
What is the greatest common factor of 19655 and 12050?
5
What is the greatest common factor of 2894310 and 450?
90
Calculate the greatest common factor of 263730 and 474360.
1770
What is the greatest common divisor of 385233102 and 18?
18
Calculate the greatest common factor of 66781599 and 2118.
1059
What is the highest common divisor of 35478 and 1869822?
1314
What is the greatest common factor of 132 and 70127112?
132
What is the highest common divisor of 31239 and 15083631?
2403
Calculate the highest common factor of 647 and 51651.
1
Calculate the highest common factor of 22080 and 946186880.
7360
What is the greatest common factor of 3045170 and 1810?
10
Calculate the highest common divisor of 50031 and 7778349.
2943
Calculate the greatest common divisor of 3311 and 1508661.
77
Calculate the highest common divisor of 2006250515 and 485.
485
Calculate the greatest common divisor of 81030 and 2555.
365
What is the greatest common factor of 25 and 1567057?
1
What is the greatest common divisor of 777991938 and 6516?
1086
What is the highest common divisor of 11170575 and 28080?
1755
Calculate the greatest common divisor of 482 and 2814398.
482
Calculate the greatest common divisor of 116997 and 2307551.
661
Calculate the highest common divisor of 2618455 and 3871.
553
What is the highest common factor of 1187342 and 364?
26
What is the highest common factor of 14540275 and 5?
5
What is the highest common factor of 100 and 470184100?
100
Calculate the highest common factor of 32855 and 19305.
5
Calculate the highest common divisor of 224 and 212075752.
56
What is the highest common factor of 217584 and 264051783?
13599
What is the highest common factor of 714894 and 12540?
114
Calculate the highest common factor of 1712764 and 115.
23
Calculate the greatest common divisor of 461344521 and 1122.
561
Calculate the greatest common factor of 133 and 4303557.
19
Calculate the greatest common divisor of 63891 and 181908.
279
Calculate the highest common divisor of 1151892 and 2124.
36
Calculate the greatest common divisor of 1711162212 and 12.
12
Calculate the greatest common factor of 6200 and 135329880.
1240
What is the highest common divisor of 1358492 and 3562?
274
What is the highest common factor of 467918 and 33?
11
What is the highest common divisor of 1083 and 953078?
19
Calculate the highest common factor of 4689307 and 21.
7
Calculate the highest common divisor of 870 and 6475120.
290
What is the greatest common factor of 30508 and 255373?
263
What is the highest common factor of 11425984 and 216?
8
Calculate the highest common divisor of 210662262 and 54.
54
Calculate the greatest common divisor of 8610 and 431835.
15
Calculate the highest common factor of 296286 and 93081.
1311
What is the greatest common divisor of 45309080 and 1564?
1564
Calculate the greatest common divisor of 82222030 and 20570.
1870
What is the highest common divisor of 247 and 130807?
1
Calculate the highest common divisor of 823200 and 1216425.
3675
Calculate the highest common factor of 3009114 and 27.
9
Calculate the highest common divisor of 16 and 306226924.
4
What is the highest common factor of 507754 and 292994?
1534
Calculate the greatest common divisor of 152 and 55429688.
152
Calculate the highest common factor of 34940210 and 10.
10
Calculate the greatest common factor of 55 and 16181209.
11
Calculate the highest common factor of 1834 and 65599429.
917
Calculate the greatest common divisor of 9086936 and 548.
548
Calculate the highest common factor of 10 and 32559880.
10
Calculate the greatest common divisor of 2621769 and 3699.
411
What is the highest common divisor of 234 and 71742918?
78
What is the highest common divisor of 5439 and 5870235?
777
What is the greatest common divisor of 276749 and 2148245?
1529
Calculate the greatest common factor of 3923325 and 2039800.
8225
What is the highest common factor of 314652 and 4524?
156
What is the greatest common factor of 2410 and 8485?
5
Calculate the highest common factor of 3289 and 881309.
143
What is the highest common divisor of 38671325 and 154?
77
What is the greatest common factor of 2997420 and 1320?
60
What is the highest common factor of 8 and 810191?
1
Calculate the highest common factor of 10676979 and 4329.
333
What is the highest common divisor of 620 and 66078205?
155
What is the greatest common divisor of 480267 and 7353?
387
What is the greatest common divisor of 112 and 15950872?
56
What is the greatest common factor of 62871 and 4313?
19
Calculate the greatest common factor of 538849440 and 558.
558
What is the greatest common divisor of 316 and 1858076?
4
Calculate the greatest common divisor of 131424777 and 111.
111
Calculate the greatest common factor of 58544641 and 485.
97
Calculate the highest common factor of 59790601 and 13.
13
What is the highest common factor of 212465636 and 4?
4
What is the highest common divisor of 231 and 1892009?
7
Calculate the greatest common factor of 1577750 and 7250.
250
What is the greatest common divisor of 1712400 and 1050?
150
What is the highest common divisor of 7996667 and 215?
43
What is the greatest common factor of 207 and 2701989?
9
What is the highest common divisor of 286525 and 5875?
25
Calculate the greatest common factor of 3409 and 19551589.
487
Calculate the greatest common factor of 508369 and 8901.
23
Calculate the greatest common factor of 2895 and 1952967.
579
Calculate the greatest common divisor of 6417 and 1382445.
279
What is the highest common factor of 6257874 and 84?
42
Calculate the greatest common factor of 95541608 and 1233.
137
What is the highest common factor of 15776 and 35357960?
3944
Calculate the greatest common divisor of 16871657 and 22.
11
What is the greatest common divisor of 283750702 and 2612?
1306
Calculate the greatest common factor of 545936 and 1163392.
2384
What is the greatest common factor of 10868622 and 6?
6
What is the highest common factor of 9646 and 120595034?
742
Calculate the highest common divisor of 578485 and 1280.
5
Calculate the greatest common factor of 24201287 and 517.
517
What is the highest common factor of 181471 and 27857?
89
Calculate the greatest common factor of 4 and 441043.
1
What is the greatest common divisor of 1119 and 41030746?
373
What is the highest common factor of 280 and 53578840?
280
What is the highest common factor of 58 and 10103629?
29
What is the greatest common factor of 22185 and 1490223?
87
Calculate the greatest common factor of 1013190 and 540.
30
Calculate the greatest common factor of 33 and 22471251.
33
What is the greatest common divisor of 934310 and 1755?
65
What is the highest common factor of 11 and 1114679577?
11
What is the highest common factor of 374586 and 139946?
838
Calculate the greatest common divisor of 3522304 and 5376.
256
What is the highest common divisor of 4 and 634919386?
2
What is the greatest common divisor of 1064 and 60328?
8
What is the highest common divisor of 91 and 38340302?
91
What is the greatest common divisor of 1375 and 204934125?
1375
Calculate the highest common divisor of 3098689689 and 19.
19
Calculate the highest common factor of 103223 and 291793.
109
Calculate the greatest common divisor of 4 and 587164.
4
What is the highest common divisor of 1943 and 204392?
29
What is the highest common factor of 130217 and 185771?
197
What is the highest common factor of 45 and 26325630?
45
What is the highest common factor of 174 and 385607577?
87
Calculate the greatest common divisor of 1694 and 16561391.
847
Calculate the highest common divisor of 2560 and 43900160.
1280
Calculate the greatest common divisor of 1530 and 2626330.
170
Calculate the greatest common factor of 3144520 and 1214120.
5080
Calculate the highest common factor of 17728 and 1